 5*q - 227, -w - 3*q + 81 = 0. What is the greatest common factor of 897 and w?
69
Suppose 0 = -10*x + 1507 - 287. What is the highest common factor of 5246 and x?
122
Suppose -40 = -2*j - 5*y, -7*j + 4*y + 166 = -2*j. What is the highest common factor of j and 480?
30
Let o(s) = s**3 + 10*s**2 + 19*s + 36. Let k be o(-7). What is the greatest common factor of k and 25?
25
Suppose 0 = -11*u - 2*u + 65. Let y = -12 - -40. Let v = 22 + y. Calculate the greatest common factor of v and u.
5
Suppose -2*r - 4*n - 358 = -7*r, -2*r = n - 138. Let h = r + -65. Calculate the greatest common divisor of 25 and h.
5
Let x = 14 - 8. Suppose -2 = -a - 5*m, x*m = -4*a + 3*m + 8. Suppose -4 = -2*p - a*g + 7*g, 0 = 2*g - 4. Calculate the greatest common factor of 1 and p.
1
Let w = 150 + -84. What is the highest common divisor of w and 704?
22
Suppose -67 = -2*k + 6*j - j, k + j - 51 = 0. What is the greatest common divisor of 69 and k?
23
Suppose 15*u - 12*u = 48. Let k be (-2300)/(-18) + 4/18. Calculate the highest common factor of u and k.
16
Let v = -840 + 1270. What is the highest common divisor of v and 258?
86
Let h(s) = 3307*s - 210. Let l be h(1). What is the highest common factor of l and 19?
19
Let n = 10 + -7. Suppose -n = -2*j + 5*j. Let s be (-168)/(-9)*(-3)/j. What is the greatest common factor of 14 and s?
14
Let h = -19 - -31. Suppose 274 - 286 = -2*w. What is the greatest common factor of w and h?
6
Let a be (-62700)/(-48) + 15/(-12). What is the highest common divisor of a and 90?
45
Let c = -25 + 46. Let l be (-4)/8 - (-66)/(-4). Let w = l - -31. Calculate the highest common factor of c and w.
7
Let t be ((-24)/(-14))/(49/686). What is the highest common factor of 108 and t?
12
Let x = 32 - -342. Suppose -121 = -4*i - 3*c, -i + 8 + 1 = 5*c. What is the highest common divisor of x and i?
34
Suppose -5*j + 38 = 23. Suppose j*u - u = 8. What is the greatest common divisor of u and 8?
4
Let l(m) = 3*m**2 + 2*m**3 - 3*m**3 + 5*m**3 + 4 + 4*m. Let d be l(-3). Let r = -59 - d. What is the greatest common divisor of 20 and r?
10
Let q be 24 - (4/2 - 2). Let t be (2 + q/28)/(2/14). What is the greatest common factor of 40 and t?
20
Let a be ((-8)/(-18)*-6)/(4/(-6)). Suppose 4*m = -5*x + 27, 2*m - 25 = -x - a. What is the highest common divisor of m and 26?
13
Let f(r) = 2*r + 417. Let h be f(-21). What is the highest common divisor of h and 1000?
125
Suppose 14*a = 669 - 557. Suppose -350 = -2*p - 2*p + 2*w, 4*w = -5*p + 444. What is the greatest common divisor of p and a?
8
Suppose -2*m = -6*m + 68. Suppose 2*a - 126 = -3*s + 8*s, -s = 2*a + 18. Let y = s - -109. Calculate the greatest common factor of m and y.
17
Let s = -17 - -15. Let f be 22/(4 - (s + 4)). What is the greatest common divisor of 11 and f?
11
Let d(v) = -v**2 + 10*v. Let r be d(10). Suppose -5*b + r*b + 150 = 0. Let h be 25*3*(4 - 3). Calculate the greatest common factor of h and b.
15
Let c be (37 - 29)*38/4. Let j = -238 - -352. What is the highest common factor of c and j?
38
Let p be (-140)/(-7) - (1 - 3). Suppose -214 = -5*b - 4. Suppose 0 = -2*m + b + 68. What is the greatest common factor of p and m?
11
Suppose -p - 1 = 0, p - 8 = -j + 21. Let f = 17 - 12. Suppose 5*r = -5*u + 205, f*u + 3*r - 31 = 182. What is the greatest common divisor of u and j?
15
Let k(q) = -q**3 - 2*q**2 + 4*q - 23. Let j be k(-6). What is the highest common factor of j and 1?
1
Suppose 13*n - 7*n - 792 = 0. Let w = 0 + 4. Suppose -w = a - 16. Calculate the greatest common divisor of n and a.
12
Let s(t) = 4*t + 61. Let b be s(17). What is the highest common factor of b and 43?
43
Let s = 816 - 791. Calculate the greatest common divisor of 25 and s.
25
Suppose 7*i - 965 + 335 = 0. Suppose 0 = -91*s + i*s + 6. Let k = -8 + 14. Calculate the highest common factor of k and s.
6
Let k(t) = 24 + 3*t**2 - 2*t + 8*t - 4*t**2 + 3*t. Let c be k(10). What is the greatest common factor of 2 and c?
2
Let m = 303 + -207. Calculate the highest common factor of 36 and m.
12
Suppose 4*f + 9*x - 24 = 13*x, 0 = 3*f + 5*x - 58. Calculate the highest common factor of f and 33.
11
Suppose 16*g - 15*g = 0, k + 4*g = 147. What is the highest common divisor of 196 and k?
49
Let t(r) = 3*r + 19. Let l be t(-6). Let i be ((-6)/12)/(l/(-152)). What is the greatest common divisor of 114 and i?
38
Suppose -2*x + 16 = -c, -c + 2*c = 4. Let v be 2/x + 8/10. Calculate the greatest common factor of v and 7.
1
Let t = 32 + 22. Let c(d) = -3*d**2 - 3*d**2 - 8*d - 2 + 8*d**2 - d**2. Let z be c(10). Calculate the highest common divisor of z and t.
18
Suppose -1034 = -5*q - 614. Calculate the greatest common factor of q and 819.
21
Suppose 2*m - 9*a - 704 = -13*a, -3*m = -2*a - 1048. What is the highest common divisor of 280 and m?
70
Suppose 2*l + 3 = -3*w - 4, -9 = 3*l + 3*w. Let r be (3 + l)/(5/50). Let i be 90/(-6)*(-4)/r. What is the greatest common factor of 6 and i?
6
Let k = 116 + -61. Suppose -38 = -5*l - 13. What is the greatest common divisor of k and l?
5
Suppose -6*v + v + 560 = 0. Let k be (-5 - -1 - -2)/(1/11). Let z be (k + 16)*(-16)/6. Calculate the highest common divisor of v and z.
16
Let s be (-7)/((-7)/12) + (6 - 9). Suppose s*k + k = 70. What is the greatest common divisor of 49 and k?
7
Let n(f) = 51*f**3 + 2*f**2 - 1. Let t be n(1). Let s = t + -51. Calculate the greatest common factor of 7 and s.
1
Suppose 0 = 27*b - 64 - 17. Calculate the greatest common factor of b and 47.
1
Let n be 32*1 - 248/(-31). What is the highest common divisor of 1400 and n?
40
Let k(z) = -z - 8. Let t be k(10). Let h(p) = -p**2 - 22*p - 61. Let n be h(t). What is the greatest common divisor of n and 77?
11
Suppose 43 + 5 = 4*w. Suppose 2*q = q + w. What is the greatest common divisor of 30 and q?
6
Suppose 8*w - 230 = 3*w - 4*n, -4*n + 62 = w. Calculate the highest common factor of 406 and w.
14
Suppose -5*d + 1079 - 934 = 0. Let l be (3 - -2)/(1/29). Calculate the highest common factor of d and l.
29
Suppose -4*x = 5*w - 60 - 119, -3*w - 155 = -4*x. Calculate the highest common factor of 1353 and x.
41
Let a = 83 - 75. Suppose 0 = -2*c - 2*x, 4*c - 5*x = -x + 16. What is the highest common divisor of c and a?
2
Let d(w) = 4*w - 18. Let z be d(22). Let r = 265 + -90. What is the greatest common divisor of r and z?
35
Suppose 0 = 2*m - 9 + 13. Let h be -5 - (-1 + m + 4). Let s(d) = -4*d + 22. Let a be s(h). What is the greatest common factor of 69 and a?
23
Let m be (-5)/(-2) - (-3)/(-6). Suppose -3*w - m*w = -210. Suppose -w = -3*a - 3*q, 4*a - q - 30 = a. Calculate the highest common factor of 33 and a.
11
Let l(a) = 2*a**3 + 20*a**2 + 3*a - 15. Let m be l(-6). Calculate the highest common divisor of 5 and m.
5
Let u(g) = 2*g + 2. Let q be u(0). Suppose m - r = -q, 2*m + 4*r - 17 = 3*m. Calculate the greatest common factor of 27 and m.
3
Let w(q) = -q**3 + 2*q**2 + 6*q - 11. Let o be w(3). Let n be ((-6)/(-3)*o - -6) + 21. Suppose -s + 46 = s. What is the greatest common divisor of s and n?
23
Let w be 5 + -1 + 1 + -1. Suppose -3*a = 12 + 9. Let l(p) = -8*p - 24. Let y be l(a). Calculate the highest common factor of w and y.
4
Suppose -20*f = 2*f - 1386. Calculate the highest common factor of f and 153.
9
Suppose b + 4*r = 1, -4*b + b + 4*r + 19 = 0. Suppose b*m = 3*x - x - 35, 6 = -2*m. What is the highest common factor of 20 and x?
10
Suppose -3*x + 2*t = -666, -262 = -2*x - 2*t + 192. What is the greatest common divisor of x and 40?
8
Let p(i) = -i**2 - 22*i + 693. Let g be p(-39). What is the highest common factor of g and 105?
15
Suppose -8*m = -18 - 94. What is the greatest common divisor of 217 and m?
7
Suppose -u + 3*f + 27 = 0, -5*u = f + f - 152. Suppose 2 + 6 = 4*o. Let d be (-10)/((o - 1) + -2). Calculate the greatest common factor of u and d.
10
Let t(q) = 20*q - 413. Let a be t(22). What is the greatest common factor of 216 and a?
27
Let u(g) = g**3 + 8*g**2 + 12*g + 15. Let w be u(-5). Let f = 1 - -9. Calculate the greatest common divisor of w and f.
10
Suppose i + 2*i - 236 = 5*x, -400 = -5*i + 5*x. What is the highest common divisor of i and 287?
41
Suppose o + 3 = j, -115*j + 111*j = 5*o - 12. Suppose -41 = -t + 2*d, -3*t + d = 3*d - 115. Calculate the greatest common divisor of j and t.
3
Suppose 2*g = 2*b + 1